{"id":45,"date":"2016-12-06T18:18:57","date_gmt":"2016-12-06T17:18:57","guid":{"rendered":"http:\/\/projekte.africa-positive.de\/youths\/?page_id=6"},"modified":"2023-07-04T09:34:57","modified_gmt":"2023-07-04T07:34:57","slug":"home","status":"publish","type":"page","link":"https:\/\/www.africa-positive.de\/youths\/","title":{"rendered":"Home"},"content":{"rendered":"<h2>Projekt: Kunstwahrnehmung aus der Sicht von Jugendlichen afrikanischer Herkunft<\/h2>\n<p>Als das Projekt genehmigt wurde, setzten sich die Jugendlichen zusammen und entwarfen einen Plan, wie sie das Projekt umsetzen wollen.<br \/>\nIm Mai 2021 trafen sie sich regelm\u00e4\u00dfig mittwochs via Zoom und auch analog, um die Vorgehensweise bei der Umsetzung des Projekts zu besprechen.<br \/>\nDie Aufgaben wurden aufgeteilt und jeder Jugendliche hatte etwas zu tun. Einige waren daf\u00fcr zust\u00e4ndig, Matreial zum Thema &#8222;Raubkunst&#8220; zu sammeln und andere waren daf\u00fcr zust\u00e4ndig, zu schauen, welche Videokameras, Musikboxen und Notebooks gut und g\u00fcnstig sind. <a href=\"https:\/\/www.africa-positive.de\/youths\/kunstwahrnehmung-aus-der-sicht-von-jugendlichen-afrikanischer-herkunft\/\">Weiter lesen<\/a><\/p>\n<p><iframe loading=\"lazy\" title=\"Raubkunst - Kunstwahrnehmung aus der Sicht von Jugendlichen afrikanischer Herkunft\" width=\"781\" height=\"439\" src=\"https:\/\/www.youtube.com\/embed\/_VQ3xiHECjo?feature=oembed\" frameborder=\"0\" allow=\"accelerometer; autoplay; clipboard-write; encrypted-media; gyroscope; picture-in-picture; web-share\" allowfullscreen><\/iframe><\/p>\n<hr>\n<\/hr>\n<p>Cool, Africa Positive hat nun eine eigene \u201eJugend\u201c gegr\u00fcndet! Wie wird denn so eine Jugendgruppe gegr\u00fcndet? Jugendliche laufen doch \u00fcberall herum. Genau, doch Africa Positive ist es wichtig, dass die Jugendlichen, die bereits gewisse Angebote des Vereines wahrnehmen oder Interesse haben, mit anderen Jugendlichen regelm\u00e4\u00dfig in Kontakt zu kommen, auch selbst aktiv werden. <\/p>\n<p><a href=\"https:\/\/www.africa-positive.de\/youths\/ueber-africa-positive-youths\/\">Mehr Infos<\/a><\/p>\n","protected":false},"excerpt":{"rendered":"<p>Projekt: Kunstwahrnehmung aus der Sicht von Jugendlichen afrikanischer Herkunft Als das Projekt genehmigt wurde, setzten [&hellip;]<\/p>\n","protected":false},"author":2,"featured_media":0,"parent":0,"menu_order":0,"comment_status":"closed","ping_status":"closed","template":"page-templates\/front-page.php","meta":{"footnotes":""},"class_list":["post-45","page","type-page","status-publish","hentry"],"_links":{"self":[{"href":"https:\/\/www.africa-positive.de\/youths\/wp-json\/wp\/v2\/pages\/45","targetHints":{"allow":["GET"]}}],"collection":[{"href":"https:\/\/www.africa-positive.de\/youths\/wp-json\/wp\/v2\/pages"}],"about":[{"href":"https:\/\/www.africa-positive.de\/youths\/wp-json\/wp\/v2\/types\/page"}],"author":[{"embeddable":true,"href":"https:\/\/www.africa-positive.de\/youths\/wp-json\/wp\/v2\/users\/2"}],"replies":[{"embeddable":true,"href":"https:\/\/www.africa-positive.de\/youths\/wp-json\/wp\/v2\/comments?post=45"}],"version-history":[{"count":10,"href":"https:\/\/www.africa-positive.de\/youths\/wp-json\/wp\/v2\/pages\/45\/revisions"}],"predecessor-version":[{"id":173,"href":"https:\/\/www.africa-positive.de\/youths\/wp-json\/wp\/v2\/pages\/45\/revisions\/173"}],"wp:attachment":[{"href":"https:\/\/www.africa-positive.de\/youths\/wp-json\/wp\/v2\/media?parent=45"}],"curies":[{"name":"wp","href":"https:\/\/api.w.org\/{rel}","templated":true}]}}